is 11 + 1101210121?
1101210202
In base 5, what is 4 + 204100343420?
204100343424
In base 12, what is -2 + 28274053?
28274051
In base 4, what is 1202301 + -220130?
322111
In base 13, what is -8c5bc - -1415?
-8b1a7
In base 6, what is 2253100 + 135?
2253235
In base 11, what is 23170 + -a8?
23073
In base 9, what is 784273 + -8?
784264
In base 9, what is -313353566 + -1?
-313353567
In base 3, what is -200012 - -1002100222000?
1002100021211
In base 9, what is -4 + -3268461?
-3268465
In base 11, what is -4 - -69a59185?
69a59181
In base 4, what is -10 - 1221113313110?
-1221113313120
In base 3, what is 112221020022020101 + -1?
112221020022020100
In base 10, what is -3 - 812503?
-812506
In base 11, what is 71776 - 58?
71719
In base 15, what is -3 - -29d93d?
29d93a
In base 11, what is 4a310 - -86?
4a396
In base 10, what is 2588 - 25101?
-22513
In base 9, what is -2536 - -51851?
48314
In base 3, what is -100220112021102 + -102?
-100220112021211
In base 6, what is 3 - -5112513?
5112520
In base 6, what is 10301 - 333353?
-323052
In base 10, what is -5 + -6391509?
-6391514
In base 14, what is 1155 - 8542?
-73cb
In base 3, what is -11201201220110 + -10?
-11201201220120
In base 5, what is 13 - -2333244311?
2333244324
In base 3, what is 2122120001121 - -10102?
2122120012000
In base 3, what is -10 + -10211210202120?
-10211210202200
In base 13, what is 9a + -528a76?
-5289a9
In base 6, what is -4424031 - 50?
-4424121
In base 4, what is 113 - -1023131312?
1023132031
In base 15, what is -4835 + 3192?
-1693
In base 8, what is 171010 - -253?
171263
In base 15, what is -2192d5 + -3?
-2192d8
In base 16, what is -5b104 + -13?
-5b117
In base 10, what is 2 - -10393197?
10393199
In base 3, what is -11001 + -1022111111?
-1022122112
In base 13, what is 0 + 5a687b4?
5a687b4
In base 7, what is -15011 - -206664?
161653
In base 3, what is -22001 - 2012102220?
-2012201221
In base 4, what is 33100 - -212322?
312022
In base 5, what is 3 + 411340404022?
411340404030
In base 8, what is -2 + -26626103?
-26626105
In base 7, what is 14040543 + -4?
14040536
In base 8, what is 5313746 + -4?
5313742
In base 14, what is -1a1 + -12d73?
-13134
In base 15, what is -74b6300 + 3?
-74b62ec
In base 5, what is 140044323 - 4?
140044314
In base 8, what is 5566 + -165414?
-157626
In base 3, what is 1200001 + -10002021100?
-10000121022
In base 10, what is 342918 - -1?
342919
In base 16, what is 73fe7bbd - -2?
73fe7bbf
In base 4, what is 301123131 + -22303?
301100222
In base 2, what is 11 + -110010011011110001000?
-110010011011110000101
In base 13, what is -4328 - 1bc?
-4517
In base 14, what is 161a8bbc + 4?
161a8bc2
In base 14, what is 1 - 1cc5313?
-1cc5312
In base 9, what is -311404166 + -4?
-311404171
In base 6, what is -42443 + -353042?
-435525
In base 14, what is -1 - -24bb41c7?
24bb41c6
In base 14, what is 3 + 39acb40?
39acb43
In base 9, what is -1 - 2326528?
-2326530
In base 12, what is 107bab93a + -2?
107bab938
In base 2, what is 101000000 - 1110000001011011?
-1101111100011011
In base 7, what is -1022003 - 253?
-1022256
In base 5, what is -121131 - -21400?
-44231
In base 12, what is 2 - 9a576a?
-9a5768
In base 11, what is -1a6960 - -16?
-1a6945
In base 3, what is 1010210 + 2002122110?
2010210020
In base 13, what is 11365 + -2282?
c0b3
In base 9, what is -3208752 + 50?
-3208702
In base 5, what is -222411443 - 3?
-222412001
In base 10, what is -5 + -71569220?
-71569225
In base 11, what is -110027 + 211?
-10a916
In base 8, what is -1755776714 + 4?
-1755776710
In base 15, what is -727 - -bc7?
4a0
In base 3, what is 2220211112212 - -21020?
2220211211002
In base 5, what is 20043223223 - -10?
20043223233
In base 15, what is 75ed3a + 12?
75ed4c
In base 11, what is 6 - 1831757?
-1831751
In base 11, what is -8 - -1479a1a?
1479a12
In base 11, what is -52a789 + -9?
-52a797
In base 11, what is a31 - -1026?
1a57
In base 2, what is -100 + -1011001001001101111111000?
-1011001001001101111111100
In base 13, what is 43 + 217b2a9?
217b31c
In base 8, what is 2225 + -47623?
-45376
In base 15, what is 81 + -18b50?
-18abe
In base 16, what is 3bf9e570 - 1?
3bf9e56f
In base 16, what is c301 + -eda?
b427
In base 5, what is -2224233311 + -4?
-2224233320
In base 11, what is -5 + -18375117?
-18375121
In base 12, what is -13b0 + -15319?
-16709
In base 9, what is -830 - -537763?
536833
In base 7, what is -2 + 3026264534?
3026264532
In base 10, what is -5581397 - 3?
-5581400
In base 13, what is -512432a1 - -1?
-512432a0
In base 10, what is 9159897 - -37?
9159934
In base 13, what is 123 - 814717?
-8145c4
In base 2, what is -100 + -100111110100111011111?
-100111110100111100011
In base 9, what is 2136384 + 306?
2136701
In base 3, what is -21222022201010122 + 2?
-21222022201010120
In base 3, what is -10010002111200210121 - 11?
-10010002111200210202
In base 3, what is -1 - 21101200202000?
-21101200202001
In base 2, what is 11 + 101001101010011100011010?
101001101010011100011101
In base 11, what is 115 - 1a61a?
-1a505
In base 3, what is -101101120112 - 1011?
-101101121200
In base 3, what is 12122112 + 102100102?
121222221
In base 6, what is -24100311422 - 4?
-24100311430
In base 16, what is -26 + -b61364?
-b6138a
In base 11, what is -60 + 439aaa?
439a4a
In base 9, what is -3 - -1377080?
1377076
In base 8, what is 515034166 + -10?
515034156
In base 3, what is -12 + 10210002110122?
10210002110110
In base 4, what is 1233132112101 - -12?
1233132112113
In base 11, what is 3724891 + 0?
3724891
In base 3, what is -10011111122 + -1001?
-10011112200
In base 6, what is -154312233450 + -3?
-154312233453
In base 10, what is 93025 - -77?
93102
In base 6, what is -2 + 344400130?
344400124
In base 5, what is 130021212 - 104?
130021103
In base 11, what is -3356a80 - -43?
-3356a38
In base 14, what is -7 - -1366b5?
1366ac
In base 10, what is 6771713 - -6?
6771719
In base 6, what is 3241224034 - 22?
3241224012
In base 7, what is 4 + -22312501?
-22312464
In base 14, what is 1 + 6745d9?
6745da
In base 12, what is -3 - 1211004?
-1211007
In base 12, what is -7162818 + 13?
-7162805
In base 7, what is 4041 - 165403?
-161332
In base 3, what is -2 - -11010201020220?
11010201020211
In base 8, what is 152610 + -1164?
151424
In base 11, what is 3480495 + -11?
3480484
In base 16, what is 5 - -2eb9cf?
2eb9d4
In base 10, what is 1 + 2923778?
2923779
In base 9, what is 0 + -66727242?
-66727242
In base 5, what is 20200024 - 110?
20144414
In base 11, what is 17 - -237041?
237058
In base 10, what is 2 + -168168?
-168166
In base 5, what is -3240 + 2141021?
2132231
In base 7, what is 520126 - -22?
520151
In base 4, what is 101 + -3332031320023?
-3332031313322
In base 9, what is -5 + 35881361?
35881355
In base 3, what is -2010000 - 21102101?
-100112101
In base 16, what is -14b - 1408?
-1553
In base 5, what is 310 - -4042?
4402
In base 6, what is 223 + -142501520?
-142501253
In base 9, what is -632378458 + 5?
-632378453
In base 10, what is 3205069 + -5?
3205064
In base 14, what is 601c8 - -73?
6025b
In base 14, what is -22d3b - 6c1?
-2361c
In base 16, what is -54bb5 + -35?
-54bea
In base 3, what is 20111211 + -21122?
20020012
In base 3, what is 0 + -1200022101101000?
-1200022101101000
In base 11, what is 27 + 524877?
5248a3
In base 11, what is -1a981691 - -2?
-1a98168a
In base 16, what is 12b7d + eaf?
13a2c
In base 3, what is -11 - -220112212112101?
220112212112020
In base 8, what is -7676 - -217627?
207731
In base 7, what is 11 + -145315341?
-145315330
In base 8, what is 25740 + -104276?
-56336
In base 4, what is -1221101 - -312033?
-303002
In base 5, what is 1040223333 - 12?
1040223321
In base 14, what is 537ccad + -11?
537cc9c
In base 10, what is 3417 + 2158?
5575
In base 15, what is -1684b036 + -6?
-1684b03c
In base 2, what is -10001000110111 + -1000111110?
-10010001110101
In base 11, what is 42374a + 53?
4237a2
In base 10, what is 7 + -43470563?
-43470556
In base 4, what is 33230 - 120302?
-21012
In base 3, what is 111002 + -101222?
2010
In base 2, what is -10111101001100111011111011111 + -101?
-10111101001100111011111100100
In base 9, what is 230 + 112636?
112866
In base 4, what is 1103222 + 1201102?
2310330
In base 5, what is 243342131 + -13?
243342113
In base 12, what is 1b3 - -2a38?
302b
In base 7, what is -4 - 2540012215?
-2540012222
In base 14, what is -5 + -